x) = -7*q(x) - 6*s(x). Give y(u).
-2
Let f(v) = -v**2 - 9*v - 11. Suppose -2*j = 7 + 9. Let w be f(j). Let h(x) = 2*x**3 + 4*x**2 + 4*x + 4. Give h(w).
-26
Let c(g) = -2*g + 3. Let q(v) = -2*v + 3. Let d(o) = -6*c(o) + 7*q(o). Suppose 5*r = -2*l - 31, 4*l = 757*r - 759*r + 10. Give d(r).
21
Let g(a) = 6*a + 2. Let s = -27 - -25. Let v(r) = 2*r**2 + r - 3. Let n be v(s). Give g(n).
20
Let f(y) = 3*y**2 + 2. Let k(m) = 7*m**2 - m + 3. Let g(t) = -9*f(t) + 4*k(t). Calculate g(5).
-1
Let z(r) be the third derivative of 5*r**4/24 + 3*r**3/2 + 213*r**2. Calculate z(9).
54
Let j(x) = -9*x - 2. Let i(f) = -8*f - 3. Let u(t) = 4*i(t) - 3*j(t). Determine u(-3).
9
Let x be -1*(4 + -4 + -3). Suppose x*c - 2*c - 2 = 0. Let q(s) = c*s - 9 + 3*s - 5*s - 2*s. Give q(-6).
3
Let n(y) be the first derivative of y**4/4 - 5*y**3/3 + 6*y - 2. Suppose -72*f - 12 = -75*f. Suppose i = 5*i + f, -2*i + 8 = 2*k. Determine n(k).
6
Let l(a) = a - 22*a**2 - 26*a**2 + 54*a**2. What is l(-1)?
5
Let q(g) = -g**3 + g**2 + 4*g - 1. Suppose 2*t - 3*a = -7, 2*t - a - a + 2 = 0. Suppose 3*h = t*r + 1, -h + 0*h = -3*r - 2. Let o = h - -4. Determine q(o).
-7
Let t(x) be the third derivative of -x**5/60 - x**4/24 + x**3 + 32*x**2. Give t(-5).
-14
Let y(b) = b**2 + 5*b + 3. Let w = 1 - 10. Let g = 14 + w. Let z = g + -10. Give y(z).
3
Let a(y) = 8*y**2 + y - 1. Let i be 1/(-6) - 34/12. Let x(q) = -q**2 - 6*q - 4. Let b be x(i). Suppose -s - 5 = 0, 0*s - b*s = 3*w + 22. What is a(w)?
8
Let o(g) = 4*g - 2. Suppose 3*d = -2*n - 33 + 10, 5*n + 32 = d. Let p(w) be the first derivative of -w**2/2 - 3*w + 1. Let v be p(n). Calculate o(v).
14
Let r(i) = -4*i**2 - 27*i + 48. Let l(v) = 3*v**2 + 18*v - 33. Let x(m) = 7*l(m) + 5*r(m). Calculate x(5).
-11
Let d = 8 + -8. Let n(p) = d*p + 2 + 4*p - 2*p + 7. Let u be (-87)/12 + 2/8. Calculate n(u).
-5
Let i(o) = -o**2 - 3*o + 2*o**2 + 0 + o**3 + 3. Let f be (3 - -3)/((-4)/(-104)). Let v = f - 154. What is i(v)?
9
Let v = 14 - 13. Let q(m) be the first derivative of -2*m**2 - m + 5. Let r(l) = -l**2 + 9*l + 3. Let x(b) = -5*q(b) - 2*r(b). Give x(v).
3
Let o(v) be the second derivative of v**4/12 - v**3/3 + 3*v**2/2 + v + 23. Calculate o(-2).
11
Let v(a) = -3*a + 2 - 4*a**2 + 5*a**2 + a - 3*a. Suppose -r + 0 = j + 4, -5*j = -5*r + 20. Suppose 0 = 4*q + 3*s - 2 - 3, 3*q + 3*s = r. What is v(q)?
2
Let y be (-1)/(8/(-10) - -1). Let g = -23 + 26. Let f(n) = 1 - g + n + 4. Give f(y).
-3
Let t(u) = -6*u**2 + 4*u - 3. Let x(g) = g**2 - g - 1. Let c(b) = t(b) + 5*x(b). Let y(p) = -2*p**2 - 3*p - 15. Let k(z) = -5*c(z) + 3*y(z). What is k(-4)?
-5
Let y = 296 + -304. Let j(n) = -n**2 - 10*n + 1. What is j(y)?
17
Let m be ((-48)/40)/(((-84)/(-40))/(-7)). Let h(j) = 13*j - 5. Calculate h(m).
47
Let o(f) be the third derivative of -11*f**6/120 + f**4/24 + f**3/6 - f**2 + 17. Give o(-1).
11
Let k(o) = o**3 + 37*o**2 - 39*o - 34. Let r be k(-38). Let i(q) = -q**3 + 5*q**2 - 4*q. Calculate i(r).
0
Let m be (-58)/15 - (-72)/(-540). Suppose l = -l + 2. Let y(k) = -2*k + k + 5 - l. Calculate y(m).
8
Let t(z) be the first derivative of 0*z - 1/12*z**4 + 0*z**2 + 2*z**3 - 4 - 1/120*z**5. Let n(q) be the third derivative of t(q). Calculate n(-2).
0
Let c(g) be the first derivative of g**4/4 - 10*g**3/3 - 5*g**2 - 6*g - 101. Give c(11).
5
Let n(f) be the second derivative of -f**5/20 + 7*f**4/12 - 5*f**3/6 + 9*f**2/2 + 221*f. Give n(6).
15
Let s(o) = -23*o - o**3 + 21*o + o**2 + 0*o**3 + 6. Let u be s(0). Let w(z) = -z**3 + 5*z**2 + 6*z - 5. Give w(u).
-5
Let d be ((-6)/30)/((-48)/40). Let w(c) be the third derivative of d*c**3 + 0*c - 1/60*c**5 - c**2 + 0 - 1/3*c**4. What is w(-7)?
8
Let h(u) = u**3 + 5*u**2 - 4*u + 6. Let y(x) be the third derivative of x**4/6 + 7*x**3/3 - 26*x**2. Let c be y(-5). Give h(c).
-6
Let z(p) = p**2 + 3*p + 2. Suppose -4*a + 12 = -a. Suppose -2*v - a = q, -5*v - q = -6*q + 25. Give z(v).
2
Let t(w) = w**3 + 7*w**2 + 5*w. Let h = -90 - -176. Suppose -2*z + h = y - 4*y, -3*z = -5*y - 142. Let b = 20 + y. What is t(b)?
6
Let l(k) = -3*k**2 + 6. Let q(b) = -16*b**2 + 11*b**2 - 1 - 3 + 15. Let p(d) = -11*l(d) + 6*q(d). Give p(1).
3
Let k(v) = -11*v - 1. Let h(x) = 7*x + 1. Let o(r) = 8*h(r) + 5*k(r). Suppose 4*t = 2*t + 5*y + 11, -2*y = 4*t - 82. Suppose 3*c - 6*c + t = 0. What is o(c)?
9
Let y(p) = p**2 - 2*p - 2. Let h = -113 + 120. Let q be -5 + h + (-5)/(-5). Give y(q).
1
Let l(a) = -3*a. Suppose -13*y + 15*y = 24. Suppose 2 = f - k + 5*k, f = 3*k - y. What is l(f)?
18
Let m be (-296)/(-518)*(21/(-6) - 0). Let x(k) = 10*k**2 + 5*k + 2. What is x(m)?
32
Let h(d) = -30*d + 24*d + 1 + 5 + 4. Determine h(9).
-44
Let z(y) = -5. Let q(v) = -3*v - 28. Let u(b) = -q(b) + 4*z(b). Give u(0).
8
Suppose 3*c = 4*z - 16, -2*c = -2*z - c + 6. Let x(j) = 2*j - 3 + z - 1. Determine x(3).
3
Let f(c) be the third derivative of 0 + 27*c**2 - 11/6*c**3 + 1/60*c**5 + 0*c + 1/4*c**4. Give f(-8).
5
Let b = -304 - -315. Let t(p) = -p**2 + 7*p + 16. Give t(b).
-28
Let b(n) = 32624*n**2 - 32623*n**2 + 6 - 4*n - 4*n. What is b(7)?
-1
Let s(k) = -k + 1. Let n(u) = -4*u - 18. Let h(z) = n(z) - 8*s(z). Give h(7).
2
Let x(v) = 12*v + 1 - 7*v - 4*v. Let n(g) = 8*g + 2. Let f be n(-1). Calculate x(f).
-5
Let m(w) = w**2 - 7*w + 2. Let x = 33 + -29. Let y(v) = -v**2 + 6*v - 1. Let g(o) = x*y(o) + 3*m(o). Give g(3).
2
Let v(k) = -1001*k**2 + 495*k**2 + 502*k**2. Determine v(-1).
-4
Let k(o) = 4*o - 5. Let w = 20 - -77. Suppose 10 = -92*u + w*u. Determine k(u).
3
Let q(t) = t**3 - t**2 - 8*t. Let j be q(4). Let b be ((-1)/4)/(j/(-64)). Let y(h) = -h**3 - h + 1. Determine y(b).
-1
Let v(l) be the first derivative of -15 - 1/3*l**3 - 1/4*l**4 + 3/2*l**2 + l. Suppose -7 = k + 4*x, 0*x = 4*x + 4. What is v(k)?
10
Let b(i) = i**2 + 3*i + 3. Let x(h) = h**3 + 6*h**2 - 13*h + 20. Let c be x(-8). Determine b(c).
7
Let q(v) = -7*v**2 - 12*v + 9. Let c(h) = 8*h**2 + 15*h - 11. Let d(k) = 6*c(k) + 7*q(k). Suppose 0 = 4*p - 5*p, 18 = 3*o + 3*p. Calculate d(o).
-3
Let v(q) = 2*q - q + 6 - 3. Let x = 9 + -7. Let t be x/(-10) + (252/35 - 7). What is v(t)?
3
Let w be (-3 - -8) + 0 - 3. Let j(g) = -3*g + 8. Calculate j(w).
2
Let z be 1/(1/2) + 258/(-43). Let n(r) = -8*r - 26. Let j be n(z). Let d(u) = u**3 - 5*u**2 - 6*u + 5. Determine d(j).
5
Let k(v) = 0*v**2 - 4*v + 18 + 19 + v**2 - 41. Give k(7).
17
Suppose -h - 3 = -0*h. Let t(r) = -4*r**3 + r - 1. Let c(q) = -q**3 + q**2. Let z(a) = 3*c(a) - t(a). Give z(h).
4
Let g(h) = 6 - 34*h - 30*h + 1 + 62*h + 8. What is g(7)?
1
Let t(h) = h**2 - h - 2. Let b(n) = -12*n + 168. Let l be b(14). Give t(l).
-2
Let w(r) = 3*r**3 - r**2 - r - 1. Let i(a) = -4*a**3 + a**2 + a + 1. Let d(l) = -2*i(l) - 3*w(l). What is d(2)?
-1
Let n(u) = -29*u + 9 + 21*u + 14*u. Calculate n(7).
51
Let w = -607 - -1822/3. Let p(c) be the first derivative of 0*c**2 + 7 - w*c**3 - 4*c. Calculate p(0).
-4
Let d be ((-4)/6)/((-10)/30). Let y(n) = -d - 98*n**2 + 97*n**2 + 0*n - 4*n. Calculate y(-4).
-2
Let a(m) be the third derivative of m**6/120 - 7*m**5/60 + m**4/6 - m**3/6 + 34*m**2 + 2. Calculate a(6).
-13
Let b(j) = j**2 + 6*j + 7. Let a(y) = -y**3 - 24*y**2 + y + 35. Let w be a(-24). Suppose -35 + w = 3*t. Give b(t).
23
Let j(r) = -r**3 + 4*r**2 + 6. Let s be -5 - (-27)/(-2)*(-20)/30. Give j(s).
6
Let q(r) = 2*r**2 - r - 3. Let t be q(2). Suppose 5*c = 4*u - 6, 0 = -c - t*u + 14. Let y(g) = 3*g**c + 6*g**2 - 1 - 1 - 10*g**2 + 2*g. What is y(2)?
-2
Let b(s) = -s**3 + 4*s**2 + 6*s + 5. Suppose -5*y - 3*g + 16 = -6, 5*g + 30 = 5*y. Give b(y).
10
Let d(z) = 2*z - 85. Let f be d(41). Suppose 5*t + 25 = 5*o, -3*t = o + 3*o - 20. Let w(c) = c + t*c - c**3 - 4*c**2 - 2 + 2*c**2. Give w(f).
4
Let n(v) = 3*v**2 - 29. Let l(j) = 7*j**2 - j - 64. Let x(r) = -6*l(r) + 13*n(r). Determine x(5).
-38
Let f(j) = -39*j + 63*j - 4 - 22*j + 2. Let m(p) = -p**2 - 5*p + 2. Let k be m(-5). Give f(k).
2
Suppose -5*n = 5*h + 13 + 2, n + 18 = -4*h. Let c(v) = 21*v + v**n - 48*v + 4 + 20*v. Determine c(5).
-6
Let o be 0 - (3 + -4 + 6) - -6. Let z(q) = 3*q + 3. What is z(o)?
6
Let p(x) = x**2 + 2*x + 1. Let f(a) = 7*a**2 + 4*a + 13. Let v(m) = f(m) - 6*p(m). Determine v(5).
-8
Let d(t) = 4*t - 2. Let n be -4*(-2)/(-28)*-7. Suppose n = b + b. Let i be d(b). Let r(q) = q**3 - 2*q**2 - q + 1. Calculate r